- 223. Suppose 0 = k - 11*n + 15*n - 36, 2*k = 3*n + 94. Calculate the highest common factor of k and u.
22
Suppose 4*d + 3*t = 746, -d + 2*t + 179 = -t. Let r = 446 - d. Calculate the greatest common factor of 29 and r.
29
Suppose 134 + 70 = 51*h. Calculate the greatest common divisor of h and 676.
4
Suppose q + 99 = 2*s, -5*s + 118 = -2*q - 128. Suppose -5*n - 8 = -88. What is the highest common factor of s and n?
16
Suppose -59 = -5*d - 2*l, 2*l - 11 + 29 = 2*d. Let n(h) = 4*h - 25. Let f be (27/(-6) - 0)*-2. Let k be n(f). Calculate the highest common factor of k and d.
11
Let s = -1020 + 1215. Calculate the highest common divisor of 520 and s.
65
Let o(z) be the first derivative of z**4/4 + 7*z**3/3 + z**2 - 10*z - 4. Let u be o(-6). Let d = 425 - 271. What is the greatest common divisor of d and u?
14
Suppose 57 = -4*d - 3*y, -5*y = -3*d + 4*d + 27. Let i be 4846/4 + 18/d. Suppose 3*p + 2*p = i. What is the highest common factor of 22 and p?
22
Let h(i) = i**3 - 6*i**2 + 10*i - 21. Let d be h(5). Suppose d*t - 2*t - 6 = 0. Calculate the greatest common divisor of 57 and t.
3
Let j(z) = z**3 + 3*z**2 + 5*z + 8. Let k be j(7). What is the highest common factor of k and 13?
13
Suppose 5*n - 14 = 3*z, 10 = 2*z - z + 2*n. Suppose 43 = -z*r - 47. Let l = -30 - r. Calculate the greatest common divisor of 3 and l.
3
Let s be 2/7 + 108/63. Suppose -s*l + 5*m = -175, -2*l + 2*m = -5*l + 234. Let p = 40 - 20. What is the greatest common factor of p and l?
20
Suppose -4*c = -2*g - 676 + 130, 5*c - 687 = 4*g. Calculate the highest common divisor of 225 and c.
45
Suppose 8*j - 715 = 13*j. Let q be 1/(-4) + j/4. Let m be q/(-60) + (-184)/(-10). What is the greatest common divisor of m and 38?
19
Let l be 26 + 3 + -3 - 3. Suppose 0 = -3*u - 0*u + 4*s + 13, -l = -3*u + 2*s. Calculate the highest common divisor of 77 and u.
11
Let o = 6 + -6. Let g be (-29 - -4)*1 + o. Let b = -18 - g. What is the highest common divisor of b and 77?
7
Let d(b) = 7*b - 7. Let o be d(5). Let q be (((-18)/(-4))/(-3))/(54/36)*-14. What is the greatest common factor of q and o?
14
Let o = 3 - -1. Let y be (18/10)/(261/870). Suppose -5*u + o*u + y = 0. Calculate the greatest common factor of u and 6.
6
Suppose -5*v + 7 = -2*z - 15, -3*v + 34 = 4*z. Let x = 2835 + -2805. What is the highest common factor of x and v?
6
Suppose 2*a - 10 = 0, 0 = 4*k - 2*a + 13 - 79. Let s(f) = 39*f - 1. Let b be s(6). Let i = b + -138. What is the highest common factor of k and i?
19
Suppose 0*j - 2*s - 245 = -j, 5*j - 3*s = 1232. Let q(v) = -5*v - 151. Let p be q(-34). Calculate the highest common divisor of p and j.
19
Let l = 88 + -86. Let f be (-6*4/8 - -59)/l. Calculate the highest common divisor of f and 7.
7
Suppose 5*v + 30 = -3*s + 106, -4*v = -s + 14. Suppose -2*m = 3*r - 10, -3*m = 4*r - 4*m - 6. What is the highest common factor of s and r?
2
Let x(u) = -u**3 + 17*u**2 + 2*u - 18. Let n be x(17). Let z = 120 + 24. What is the highest common factor of n and z?
16
Let a = 95 - -1025. Suppose -8*w = -2048 - a. What is the greatest common factor of 44 and w?
44
Suppose -38 + 12 = 3*y - 4*m, -31 = 3*y - 5*m. Let l be 7 - y - (0 + -1). Let d be (56/(-10))/((-8)/100). What is the highest common factor of l and d?
10
Let r(c) = -2*c**3 + 6*c**2 - 7*c - 51. Let w be r(-5). What is the highest common divisor of w and 24?
24
Let l(u) = -u**3 + 5*u**2 + u. Let t be l(5). Suppose w = t*w - 20. Suppose 160 = 7*z - 3*z. What is the highest common factor of w and z?
5
Let n be (4 - 0) + 3/(-3). Suppose d = y - 3*d + 271, -n*y = 2*d + 813. Let x = 403 + y. What is the highest common divisor of x and 12?
12
Let h(x) = -14*x**2 - 64*x - 26. Let y be h(-4). Calculate the greatest common divisor of y and 978.
6
Suppose -2*y + 8*y - 30 = 0. Let c(b) = b**3 - 5*b**2 + 3*b - 3. Let n be c(y). Calculate the greatest common factor of 6 and n.
6
Suppose 5 = z, 5*m = -0*z - 3*z + 55. Let c(q) = 23*q**2 + 17*q + 30. Let w be c(-2). Calculate the highest common factor of w and m.
8
Let p(g) = -136*g - 243. Let h be p(-3). Suppose 4*r + d = -r + 46, 0 = -3*r + 5*d + 50. Let b = r + 5. What is the highest common factor of b and h?
15
Suppose 0*w + 16 = 4*w. Let l = 32 + -28. Suppose 112 = 4*z + l*g, -2*z - 2*z - 3*g = -112. What is the highest common divisor of z and w?
4
Let u be 8/2 + 0 - -18. Suppose -4*z = g - 82, 2*z = -4*g + u + 26. Calculate the greatest common factor of 5 and z.
5
Let r be ((-10)/3)/((-2)/60). Suppose r = 4*j - 2*a, -2*j - 5*a = j - 88. Let h be 6336/242 - (-2)/(-11). What is the greatest common factor of h and j?
26
Suppose -4*v = -78 + 10. Let j be ((-44)/(1*-2))/((-16)/72). Let c = -82 - j. What is the highest common factor of c and v?
17
Let o be -15*(-23 - -1)*21/126. Suppose -i + 5*i - t - 84 = 0, -5*t + 86 = 3*i. What is the greatest common factor of i and o?
11
Let c(m) = m**3 + 32*m**2 + 33*m + 118. Let y be c(-31). What is the greatest common divisor of 14 and y?
14
Let d = -21 + 25. Let q be (-2 + (-6)/d)*-2. What is the highest common factor of q and 7?
7
Let d be (-9)/36*0 - -9. Calculate the greatest common divisor of 9 and d.
9
Let a be (-3 - -5)/((-1)/(-54)). Suppose 4*y = -2*l + a, 3*l = -2*y + 4*l + 54. Calculate the highest common divisor of y and 9.
9
Suppose 2*w - 139 = -u, -w + 0*u + 77 = -u. Suppose 0 = 5*q - 3*q - w. Let m be -1 + (5 - 4) + q. What is the highest common divisor of m and 9?
9
Suppose -3 = -2*l + g, -2*l - 1 + 2 = g. Let s be (-3 + -1)/4 + 8*l. Calculate the greatest common divisor of 7 and s.
7
Let z(y) = -y**3 + 6*y**2 + 3*y + 1. Suppose i + n - 7 = 0, n = 4*i - 0*i - 18. Let t be z(i). Calculate the greatest common factor of 369 and t.
41
Let o(x) = 4*x**2 - 7*x + 4. Let g be o(4). Let d(y) = y**2 - 2*y + 1. Let u be d(1). Suppose -r = -u*r - 5. Calculate the greatest common factor of g and r.
5
Let o(c) = c**3 - 7*c**2 + 5*c + 4. Let s be o(5). Let f = 25 + -23. Let y = f - s. What is the greatest common divisor of y and 184?
23
Let m(c) = -c**2 - 5*c - 1. Let w be m(-3). Let k = -60 - -100. What is the greatest common factor of k and w?
5
Let z be 12/90 + (27692/30)/7. What is the highest common divisor of z and 108?
12
Let q be ((-9)/6)/(36/(-16464)). What is the greatest common divisor of 14 and q?
14
Let s be 605/55*1*5. Calculate the greatest common factor of s and 44.
11
Let d(h) = h - 13. Let s be d(18). Suppose -70 = -10*q + s*q. What is the greatest common factor of q and 84?
14
Let s = 77 + 77. Calculate the highest common factor of s and 28.
14
Let b(o) = 2*o**2 - 14*o + 59. Let k be b(-11). What is the highest common divisor of k and 13?
13
Let i(g) = 2*g - 3. Let v(t) = 6*t - 8. Let q(j) = -11*i(j) + 4*v(j). Let l be q(5). Let n = -57 + 68. What is the highest common factor of n and l?
11
Let s = -73 + 75. Suppose s*n = k - 12, -4*k = 5*n + 4 - 0. What is the greatest common factor of 76 and k?
4
Suppose -24 + 6 = -3*b. Suppose -f + 0 = -4*g - 1, g = -2*f + 11. Suppose b*a - f*h = 3*a + 50, -14 = -a + h. Calculate the highest common divisor of a and 80.
10
Suppose 3*s = 0, 14*s - 11*s = -5*i + 120. Let y be 12/(-10)*(-5)/2. Calculate the highest common divisor of i and y.
3
Let g be 1314/405*125 + (-4)/(-9). What is the highest common divisor of 28 and g?
14
Let m be 2 - (-2484)/20 - 2/10. Let x = 191 - m. What is the highest common factor of 39 and x?
13
Let l = -2 - -8. Let w be (-48)/60*(-2 - (-322)/(-4)). What is the greatest common factor of l and w?
6
Let s be (331 - -4 - -3) + 3. Let g(v) = -v**3 + 5*v**2 + 4*v + 1. Let i be g(3). Calculate the highest common divisor of i and s.
31
Let n be 269 - (240/6)/8. What is the greatest common divisor of n and 231?
33
Let x = 68 - 60. Calculate the highest common divisor of 26 and x.
2
Suppose 3*q - 326 = 5*k, -2*q - 5*k + 10*k = -214. What is the highest common divisor of 35 and q?
7
Let r be -1 - (-3 + -5 + 9 + -21). What is the highest common factor of r and 361?
19
Let k(t) = t**3 - 8*t**2 - 3. Let y(b) = -b**3 + 9*b**2 - b + 4. Let v(w) = 3*k(w) + 2*y(w). Let f be v(7). What is the greatest common divisor of f and 17?
17
Suppose -3*w + 86 - 644 = -3*a, 5*a - 4*w - 931 = 0. Let d = a + -109. What is the greatest common factor of 52 and d?
26
Suppose 0 = 5*i - 4*i + 2*h - 8, 69 = 3